{"id":251,"date":"2016-09-06T16:56:09","date_gmt":"2016-09-06T15:56:09","guid":{"rendered":"http:\/\/xn--collectifenporte-pqb.com\/?page_id=251"},"modified":"2025-03-07T15:12:17","modified_gmt":"2025-03-07T14:12:17","slug":"revue-de-presse","status":"publish","type":"page","link":"https:\/\/xn--collectifenporte-pqb.com\/index.php\/25-2\/bourgeois-tommy\/revue-de-presse\/","title":{"rendered":"Revue de presse"},"content":{"rendered":"<div class=\"vlp-link-container vlp-layout-basic\"><a href=\"https:\/\/www.ouest-france.fr\/pays-de-la-loire\/reze-44400\/soixante-eleves-musiciens-joueront-samedi-matin-a-la-folle-journee-34bc9566-da60-11ef-a27b-e53c4e5a380e\" class=\"vlp-link\" title=\"Soixante \u00e9l\u00e8ves musiciens joueront samedi matin \u00e0 la Folle journ\u00e9e\" rel=\"nofollow\" target=\"_blank\"><\/a><div class=\"vlp-layout-zone-side\"><div class=\"vlp-block-2 vlp-link-image\"><img decoding=\"async\" src=\"https:\/\/media.ouest-france.fr\/v1\/pictures\/MjAyNTAxZjk1NjIxMjlhM2M5ZTI3YjdkZmY1ZGQ5ZWEyNjk0MzA?width=1260&amp;height=708&amp;focuspoint=50%2C25&amp;cropresize=1&amp;client_id=bpeditorial&amp;sign=10f3c6af6b3d475d85a360708d5f2b184ce401a51bc593230c21a66dfe6cd508\" style=\"max-width: 150px; max-height: 150px\" \/><\/div><\/div><div class=\"vlp-layout-zone-main\"><div class=\"vlp-block-0 vlp-link-title\">Soixante \u00e9l\u00e8ves musiciens joueront samedi matin \u00e0 la Folle journ\u00e9e<\/div><div class=\"vlp-block-1 vlp-link-summary\">Quinze \u00e9coles associatives et municipales de la m\u00e9tropole ont form\u00e9 un orchestre m\u00e9tropolitain. Apr\u00e8s un concert donn\u00e9 au conservatoire national de musique de Nantes, les jeunes musiciens sont pr\u00eats pour leur prestation \u00e0 la Folle journ\u00e9e, samedi 1er\u00a0f\u00e9vrier, \u00e0 11\u00a0h.<\/div><\/div><\/div>\n<p>&nbsp;<\/p>\n<div class=\"vlp-link-container vlp-template-default \">\n\t<a href=\"https:\/\/nantes.maville.com\/actu\/actudet_-vertou.-un-concert-conference-sur-le-theme-des-variations_52716-3990933_actu.Htm\" class=\"vlp-link\" title=\"Vertou. Un concert-conf\u00e9rence sur le th\u00e8me des variations\" rel=\"nofollow\" target=\"_blank\"><\/a>\t\t<div class=\"vlp-link-image-container\">\n\t\t<div class=\"vlp-link-image\">\n\t\t\t<img loading=\"lazy\" decoding=\"async\" style=\"max-width: 150px;\" width=\"150\" height=\"150\" src=\"https:\/\/xn--collectifenporte-pqb.com\/wp-content\/uploads\/2021\/05\/index.png\" class=\"attachment-150x999 size-150x999\" alt=\"\" srcset=\"https:\/\/xn--collectifenporte-pqb.com\/wp-content\/uploads\/2021\/05\/index.png 150w, https:\/\/xn--collectifenporte-pqb.com\/wp-content\/uploads\/2021\/05\/index-100x100.png 100w\" sizes=\"auto, (max-width: 150px) 100vw, 150px\" \/>\t\t<\/div>\n\t<\/div>\n\t\t<div class=\"vlp-link-text-container\">\n\t\t\t\t<div class=\"vlp-link-title\">\n\t\t\tVertou. Un concert-conf\u00e9rence sur le th\u00e8me des variations\t\t<\/div>\n\t\t\t\t\t\t<div class=\"vlp-link-summary\">\n\t\t\tInfo Nantes Vertou Un concert-conf\u00e9rence sur le th\u00e8me des variations - L'EMD (\u00c9cole de musique et de Danse de Vertou. \t\t<\/div>\n\t\t\t<\/div>\n<\/div>\n\n<div class=\"vlp-link-container vlp-template-default \">\n\t<a href=\"https:\/\/www.ouest-france.fr\/pays-de-la-loire\/vertou-44120\/le-professeur-est-aussi-compositeur-6115396\" class=\"vlp-link\" title=\"ouest-france.fr\" rel=\"nofollow\" target=\"_blank\"><\/a>\t\t<div class=\"vlp-link-image-container\">\n\t\t<div class=\"vlp-link-image\">\n\t\t\t<img loading=\"lazy\" decoding=\"async\" style=\"max-width: 150px;\" width=\"150\" height=\"201\" src=\"https:\/\/xn--collectifenporte-pqb.com\/wp-content\/uploads\/2021\/05\/1620394078318-scaled.jpg\" class=\"attachment-150x999 size-150x999\" alt=\"\" srcset=\"https:\/\/xn--collectifenporte-pqb.com\/wp-content\/uploads\/2021\/05\/1620394078318-scaled.jpg 1912w, https:\/\/xn--collectifenporte-pqb.com\/wp-content\/uploads\/2021\/05\/1620394078318-224x300.jpg 224w, https:\/\/xn--collectifenporte-pqb.com\/wp-content\/uploads\/2021\/05\/1620394078318-765x1024.jpg 765w, https:\/\/xn--collectifenporte-pqb.com\/wp-content\/uploads\/2021\/05\/1620394078318-768x1028.jpg 768w, https:\/\/xn--collectifenporte-pqb.com\/wp-content\/uploads\/2021\/05\/1620394078318-1147x1536.jpg 1147w, https:\/\/xn--collectifenporte-pqb.com\/wp-content\/uploads\/2021\/05\/1620394078318-1530x2048.jpg 1530w, https:\/\/xn--collectifenporte-pqb.com\/wp-content\/uploads\/2021\/05\/1620394078318-448x600.jpg 448w, https:\/\/xn--collectifenporte-pqb.com\/wp-content\/uploads\/2021\/05\/1620394078318-120x160.jpg 120w, https:\/\/xn--collectifenporte-pqb.com\/wp-content\/uploads\/2021\/05\/1620394078318-600x803.jpg 600w\" sizes=\"auto, (max-width: 150px) 100vw, 150px\" \/>\t\t<\/div>\n\t<\/div>\n\t\t<div class=\"vlp-link-text-container\">\n\t\t\t\t<div class=\"vlp-link-title\">\n\t\t\touest-france.fr\t\t<\/div>\n\t\t\t\t\t\t<div class=\"vlp-link-summary\">\n\t\t\tTommy Bourgeois, 29 ans, a fait ses \u00e9tudes au conservatoire de Nantes, puis de Lyon. Trompettiste et pianiste, il enseigne la formation musicale\u2009; il est en charge du cours \u00e9criture-composition. Il dirige les orchestres \u00e0 vent de l\u2019\u00e9cole. \u00ab\u2009Je suis \u00e0 l\u2019\u00e9cole depuis trois ans. J\u2019y suis entr\u00e9 pour un remplacement et j\u2019y suis rest\u00e9. En plus de l\u2019\u00e9cole, j\u2019ai un statut de compositeur-arrangeur.\t\t<\/div>\n\t\t\t<\/div>\n<\/div>\n\n<div class=\"vlp-link-container vlp-layout-basic\"><a href=\"https:\/\/www.ouest-france.fr\/pays-de-la-loire\/orvault-44700\/un-stage-de-chant-choral-avec-le-collectif-plaisance-5853561?page=5\" class=\"vlp-link\" title=\"ouest-france.fr\" rel=\"nofollow\" target=\"_blank\"><\/a><div class=\"vlp-layout-zone-side\"><div class=\"vlp-block-2 vlp-link-image\"><img loading=\"lazy\" decoding=\"async\" style=\"max-width: 150px;\" width=\"150\" height=\"93\" src=\"https:\/\/xn--collectifenporte-pqb.com\/wp-content\/uploads\/2021\/05\/MjAxODA2ZTVlY2VlZjU2YWQzYmIyNGVmNjZkOWM4MzI3ZTJiMDU.jpeg\" class=\"attachment-150x999 size-150x999\" alt=\"\" srcset=\"https:\/\/xn--collectifenporte-pqb.com\/wp-content\/uploads\/2021\/05\/MjAxODA2ZTVlY2VlZjU2YWQzYmIyNGVmNjZkOWM4MzI3ZTJiMDU.jpeg 940w, https:\/\/xn--collectifenporte-pqb.com\/wp-content\/uploads\/2021\/05\/MjAxODA2ZTVlY2VlZjU2YWQzYmIyNGVmNjZkOWM4MzI3ZTJiMDU-300x187.jpeg 300w, https:\/\/xn--collectifenporte-pqb.com\/wp-content\/uploads\/2021\/05\/MjAxODA2ZTVlY2VlZjU2YWQzYmIyNGVmNjZkOWM4MzI3ZTJiMDU-768x478.jpeg 768w, https:\/\/xn--collectifenporte-pqb.com\/wp-content\/uploads\/2021\/05\/MjAxODA2ZTVlY2VlZjU2YWQzYmIyNGVmNjZkOWM4MzI3ZTJiMDU-600x373.jpeg 600w, https:\/\/xn--collectifenporte-pqb.com\/wp-content\/uploads\/2021\/05\/MjAxODA2ZTVlY2VlZjU2YWQzYmIyNGVmNjZkOWM4MzI3ZTJiMDU-257x160.jpeg 257w\" sizes=\"auto, (max-width: 150px) 100vw, 150px\" \/><\/div><\/div><div class=\"vlp-layout-zone-main\"><div class=\"vlp-block-0 vlp-link-title\">ouest-france.fr<\/div><div class=\"vlp-block-1 vlp-link-summary\">Du 2 au 6 juillet, Tommy Bourgeois, chef de ch\u0153ur, animera un stage tout public, salle du parc de la Gobini\u00e8re, de 10\u2009h\u200930 \u00e0 16\u2009h\u200930 et le vendredi jusqu\u2019\u00e0 15\u2009h\u200930, pour un co\u00fbt de 50\u2009\u20ac.<br \/>\n<br \/>\n\u00ab\u2009Notre stage se limite \u00e0 vingt choristes. Le r\u00e9pertoire, sept \u00e0 neuf chants, empruntera aux styles du Moyen \u00c2ge, de la musique traditionnelle corse, du r\u00e9pertoire classique et jazz et \u00e9galement de musique actuelle. Il s\u2019agit, en une semaine, de monter un programme de concert choral, de travailler le placement vocal, la justesse, l\u2019\u00e9coute\u2026\u2009\u00bb<br \/>\nUn concert sera programm\u00e9 vendredi 6 juillet, \u00e0 19\u2009h, au centre socioculturel de Plaisance.<br \/>\nInscriptions\u2009: 02\u200940\u200976\u200994\u200947.<\/div><\/div><\/div>\n<div class=\"vlp-link-container vlp-layout-basic\"><a href=\"https:\/\/www.ouest-france.fr\/pays-de-la-loire\/orvault-44700\/un-nouveau-chef-de-choeur-plaisance-3686042\" class=\"vlp-link\" title=\"ouest-france.fr\" rel=\"nofollow\" target=\"_blank\"><\/a><div class=\"vlp-layout-zone-side\"><div class=\"vlp-block-2 vlp-link-image\"><img loading=\"lazy\" decoding=\"async\" style=\"max-width: 150px;\" width=\"150\" height=\"85\" src=\"https:\/\/xn--collectifenporte-pqb.com\/wp-content\/uploads\/2021\/05\/MjAxNTA5MDMyYWRhZmY4MDA0NDY0NTRmYTVhMTY1YWQ0NzMzM2M.jpeg\" class=\"attachment-150x999 size-150x999\" alt=\"\" srcset=\"https:\/\/xn--collectifenporte-pqb.com\/wp-content\/uploads\/2021\/05\/MjAxNTA5MDMyYWRhZmY4MDA0NDY0NTRmYTVhMTY1YWQ0NzMzM2M.jpeg 940w, https:\/\/xn--collectifenporte-pqb.com\/wp-content\/uploads\/2021\/05\/MjAxNTA5MDMyYWRhZmY4MDA0NDY0NTRmYTVhMTY1YWQ0NzMzM2M-300x170.jpeg 300w, https:\/\/xn--collectifenporte-pqb.com\/wp-content\/uploads\/2021\/05\/MjAxNTA5MDMyYWRhZmY4MDA0NDY0NTRmYTVhMTY1YWQ0NzMzM2M-768x435.jpeg 768w, https:\/\/xn--collectifenporte-pqb.com\/wp-content\/uploads\/2021\/05\/MjAxNTA5MDMyYWRhZmY4MDA0NDY0NTRmYTVhMTY1YWQ0NzMzM2M-600x340.jpeg 600w, https:\/\/xn--collectifenporte-pqb.com\/wp-content\/uploads\/2021\/05\/MjAxNTA5MDMyYWRhZmY4MDA0NDY0NTRmYTVhMTY1YWQ0NzMzM2M-280x158.jpeg 280w\" sizes=\"auto, (max-width: 150px) 100vw, 150px\" \/><\/div><\/div><div class=\"vlp-layout-zone-main\"><div class=\"vlp-block-0 vlp-link-title\">ouest-france.fr<\/div><div class=\"vlp-block-1 vlp-link-summary\">L'\u00e9quipe du centre socioculturel de Plaisance accueille un nouveau chef de choeur, Tommy Bourgeois, charg\u00e9 de diriger la chorale, d\u00e8s lundi 14 septembre. \u00ab Dipl\u00f4m\u00e9 du conservatoire sup\u00e9rieur de Lyon o\u00f9 j'ai \u00e9tudi\u00e9 la composition, l'orchestration, j'ai d\u00e9j\u00e0 dirig\u00e9 un orchestre harmonie, diff\u00e9rents ensembles vocaux (choeurs de femmes et choeurs mixtes) ainsi que le Brassband de Lyon avec lequel j'ai remport\u00e9 le championnat de Bassband national en 2013. J'aime aborder des styles aussi vari\u00e9s que possibles : chant traditionnel, jazz, gospel, classique... Mais je tiens aussi \u00e0 ce que les choristes qui le d\u00e9sirent puissent contribuer au programme et donner leurs id\u00e9es. \u00bb Tous les amateurs de chanson, qu'ils soient d\u00e9butants ou pas, sont donc les bienvenus aux premi\u00e8res r\u00e9p\u00e9titions qui seront pour chacun des s\u00e9ances d'essai, d\u00e8s ce lundi 14 septembre, \u00e0 20 h 15, au centre socioculturel de Plaisance.<\/div><\/div><\/div>\n<div class=\"vlp-link-container vlp-template-default \">\n\t<a href=\"https:\/\/www.kisskissbankbank.com\/fr\/projects\/soyebo-les-filles-en-concert-avec-leila\" class=\"vlp-link\" title=\"Soy\u00e9b\u00f4 les filles en concert avec Le\u00efla par soy\u00e9b\u00f4lesfilles\" rel=\"nofollow\" target=\"_blank\"><\/a>\t\t<div class=\"vlp-link-image-container\">\n\t\t<div class=\"vlp-link-image\">\n\t\t\t<img decoding=\"async\" src=\"https:\/\/d3v4jsc54141g1.cloudfront.net\/uploads\/project\/avatar\/48298\/large_16_10-1429288549-1429288577.png\" style=\"max-width: 150px; max-height: 150px\" \/>\t\t<\/div>\n\t<\/div>\n\t\t<div class=\"vlp-link-text-container\">\n\t\t\t\t<div class=\"vlp-link-title\">\n\t\t\tSoy\u00e9b\u00f4 les filles en concert avec Le\u00efla par soy\u00e9b\u00f4lesfilles\t\t<\/div>\n\t\t\t\t\t\t<div class=\"vlp-link-summary\">\n\t\t\tAidez La chorale Soy\u00e9b\u00f4 les filles qui fait appel aux \u201cKissbankers\u201d pour cr\u00e9er un concert entre deux univers \u00e0 premi\u00e8re vue diff\u00e9rents...\t\t<\/div>\n\t\t\t<\/div>\n<\/div>\n\n<div class=\"vlp-link-container vlp-template-default \">\n\t<a href=\"http:\/\/www.cnsmd-lyon.fr\/agenda\/classe-de-chant-choral-2\" class=\"vlp-link\" title=\"Chant choral | CNSMD\" rel=\"nofollow\" target=\"_blank\"><\/a>\t\t<div class=\"vlp-link-image-container\">\n\t\t<div class=\"vlp-link-image\">\n\t\t\t<img decoding=\"async\" src=\"http:\/\/www.cnsmd-lyon.fr\/wp-content\/uploads\/2013\/07\/chant.gif\" style=\"max-width: 150px; max-height: 150px\" \/>\t\t<\/div>\n\t<\/div>\n\t\t<div class=\"vlp-link-text-container\">\n\t\t\t\t<div class=\"vlp-link-title\">\n\t\t\tChant choral | CNSMD\t\t<\/div>\n\t\t\t\t\t\t<div class=\"vlp-link-summary\">\n\t\t\tLa cr\u00e9ation de Tommy Bourgeois m\u00eale avec bonheur l\u2019art de vivre et la truculence avec la m\u00e9lancolie de l\u2019exil.<br \/>\nNous vous proposons une \u00e9vocation vocale en miroir, entre jardin d\u00e9licat et taverne, entre amour courtois et romantique, entre spleen et impressionnisme, ponctu\u00e9e par les cr\u00e9ations de la classe d\u2019\u00e9criture.\t\t<\/div>\n\t\t\t<\/div>\n<\/div>\n\n<div class=\"vlp-link-container vlp-template-default \">\n\t<a href=\"https:\/\/www.emd-vertou.fr\/post\/ecoute-et-analyse-de-l-invention-n-5-de-bwv-776-de-jean-s%C3%A9bastien-bach\" class=\"vlp-link\" title=\"Ecoute et analyse de l\u2019invention N\u00b05 de BWV 776 de Jean-S\u00e9bastien Bach\" rel=\"nofollow\" target=\"_blank\"><\/a>\t\t<div class=\"vlp-link-image-container\">\n\t\t<div class=\"vlp-link-image\">\n\t\t\t<img decoding=\"async\" src=\"https:\/\/static.wixstatic.com\/media\/11062b_03c50f8fe4a34cc297a984e483a282eff000.jpg\/v1\/fill\/w_1280,h_800,al_c,q_85,usm_0.33_1.00_0.00\/11062b_03c50f8fe4a34cc297a984e483a282eff000.webp\" style=\"max-width: 150px; max-height: 150px\" \/>\t\t<\/div>\n\t<\/div>\n\t\t<div class=\"vlp-link-text-container\">\n\t\t\t\t<div class=\"vlp-link-title\">\n\t\t\tEcoute et analyse de l\u2019invention N\u00b05 de BWV 776 de Jean-S\u00e9bastien Bach\t\t<\/div>\n\t\t\t\t\t\t<div class=\"vlp-link-summary\">\n\t\t\tChaque jeudi \u00e0 15h, pendant quatre semaines. Tommy Bourgeois, professeur de formation musicale et d\u2019\u00e9criture \u00e0 l\u2019EMD, vous propose d\u2019\u00e9couter et d\u2019analyser l\u2019invention N\u00b05 de BWV 776 de Jean-S\u00e9bastien Bach au travers d\u2019une s\u00e9rie de quatre vid\u00e9os d\u00e9di\u00e9es \u00e0 ce sujet. Confin\u00e9, mais cultiv\u00e9 !!\t\t<\/div>\n\t\t\t<\/div>\n<\/div>\n\n<div class=\"vlp-link-container vlp-template-default \">\n\t<a href=\"https:\/\/actu.fr\/pays-de-la-loire\/clisson_44043\/les-concerts-week-end-dans-vignoble-nantais_20283861.html\" class=\"vlp-link\" title=\"Les concerts du week-end dans le Vignoble nantais\" rel=\"nofollow\" target=\"_blank\"><\/a>\t\t<div class=\"vlp-link-image-container\">\n\t\t<div class=\"vlp-link-image\">\n\t\t\t<img decoding=\"async\" src=\"https:\/\/static.actu.fr\/uploads\/2018\/12\/25260-181213122410139-0.jpg\" style=\"max-width: 150px; max-height: 150px\" \/>\t\t<\/div>\n\t<\/div>\n\t\t<div class=\"vlp-link-text-container\">\n\t\t\t\t<div class=\"vlp-link-title\">\n\t\t\tLes concerts du week-end dans le Vignoble nantais\t\t<\/div>\n\t\t\t\t\t\t<div class=\"vlp-link-summary\">\n\t\t\tA Vertou le 17 d\u00e9cembre \u00e0 l\u2019\u00e9cole de musique. L\u2019\u00e9cole de musique propose un concert pour le centenaire de l\u2019Armistice de 1918 le lundi 17 d\u00e9cembre \u00e0 20 h, dans l\u2019auditorium. Au programme de ce concert qui s\u2019inscrit dans les comm\u00e9morations du centenaire de la grande guerre : \u00ab 1916, un \u00e9t\u00e9 et une moiti\u00e9 d\u2019automne \u00bb. L\u2019\u0153uvre a \u00e9t\u00e9 compos\u00e9e par Tommy Bourgeois (enseignant \u00e0 l\u2019\u00e9cole de musique et de danse) sur un texte de Pierre Garnier pour quatuor \u00e0 cordes, harpe, r\u00e9citant et ch\u0153ur. Ce concert est r\u00e9alis\u00e9 par les professeurs et les \u00e9l\u00e8ves de l\u2019\u00e9cole de Musique et de Danse de Vertou. Contact : 02 40 03 45 05 ou contact@emd-vertou.fr.\t\t<\/div>\n\t\t\t<\/div>\n<\/div>\n\n<div class=\"vlp-link-container vlp-layout-basic\"><a href=\"https:\/\/brassbandresults.co.uk\/contests\/french-national-brass-band-championship--846\/\" class=\"vlp-link\" title=\"\" rel=\"nofollow\" target=\"_blank\"><\/a><div class=\"vlp-layout-zone-side\"><div class=\"vlp-block-2 vlp-link-image\"><img loading=\"lazy\" decoding=\"async\" style=\"max-width: 150px;\" width=\"150\" height=\"183\" src=\"https:\/\/xn--collectifenporte-pqb.com\/wp-content\/uploads\/2016\/09\/Le-Progr\u00e8s-25-f\u00e9v.-2014.jpg\" class=\"attachment-150x999 size-150x999\" alt=\"\" srcset=\"https:\/\/xn--collectifenporte-pqb.com\/wp-content\/uploads\/2016\/09\/Le-Progr\u00e8s-25-f\u00e9v.-2014.jpg 1098w, https:\/\/xn--collectifenporte-pqb.com\/wp-content\/uploads\/2016\/09\/Le-Progr\u00e8s-25-f\u00e9v.-2014-600x733.jpg 600w, https:\/\/xn--collectifenporte-pqb.com\/wp-content\/uploads\/2016\/09\/Le-Progr\u00e8s-25-f\u00e9v.-2014-246x300.jpg 246w, https:\/\/xn--collectifenporte-pqb.com\/wp-content\/uploads\/2016\/09\/Le-Progr\u00e8s-25-f\u00e9v.-2014-768x938.jpg 768w, https:\/\/xn--collectifenporte-pqb.com\/wp-content\/uploads\/2016\/09\/Le-Progr\u00e8s-25-f\u00e9v.-2014-838x1024.jpg 838w, https:\/\/xn--collectifenporte-pqb.com\/wp-content\/uploads\/2016\/09\/Le-Progr\u00e8s-25-f\u00e9v.-2014-491x600.jpg 491w, https:\/\/xn--collectifenporte-pqb.com\/wp-content\/uploads\/2016\/09\/Le-Progr\u00e8s-25-f\u00e9v.-2014-131x160.jpg 131w\" sizes=\"auto, (max-width: 150px) 100vw, 150px\" \/><\/div><\/div><\/div>\n<div style=\"padding-bottom:20px; padding-top:10px;\" class=\"hupso-share-buttons\"><!-- Hupso Share Buttons - https:\/\/www.hupso.com\/share\/ --><a class=\"hupso_toolbar\" href=\"https:\/\/www.hupso.com\/share\/\"><img decoding=\"async\" src=\"https:\/\/static.hupso.com\/share\/buttons\/lang\/fr\/share-medium.png\" style=\"border:0px; padding-top: 5px; float:left;\" alt=\"Share Button\"\/><\/a><script type=\"text\/javascript\">var hupso_services_t=new Array(\"Twitter\",\"Facebook\",\"Pinterest\",\"Linkedin\",\"Tumblr\",\"Email\");var hupso_background_t=\"#EAF4FF\";var hupso_border_t=\"#66CCFF\";var hupso_toolbar_size_t=\"medium\";var hupso_image_folder_url = \"\";var hupso_url_t=\"\";var hupso_title_t=\"Revue%20de%20presse\";<\/script><script type=\"text\/javascript\" src=\"https:\/\/static.hupso.com\/share\/js\/share_toolbar.js\"><\/script><!-- Hupso Share Buttons --><\/div>","protected":false},"excerpt":{"rendered":"<p>&nbsp;<\/p>\n<div style=\"padding-bottom:20px; padding-top:10px;\" class=\"hupso-share-buttons\"><!-- Hupso Share Buttons - https:\/\/www.hupso.com\/share\/ --><a class=\"hupso_toolbar\" href=\"https:\/\/www.hupso.com\/share\/\"><img src=\"https:\/\/static.hupso.com\/share\/buttons\/lang\/fr\/share-medium.png\" style=\"border:0px; padding-top: 5px; float:left;\" alt=\"Share Button\"\/><\/a><script type=\"text\/javascript\">var hupso_services_t=new Array(\"Twitter\",\"Facebook\",\"Pinterest\",\"Linkedin\",\"Tumblr\",\"Email\");var hupso_background_t=\"#EAF4FF\";var hupso_border_t=\"#66CCFF\";var hupso_toolbar_size_t=\"medium\";var hupso_image_folder_url = \"\";var hupso_url_t=\"\";var hupso_title_t=\"Revue%20de%20presse\";<\/script><script type=\"text\/javascript\" src=\"https:\/\/static.hupso.com\/share\/js\/share_toolbar.js\"><\/script><!-- Hupso Share Buttons --><\/div>","protected":false},"author":1,"featured_media":0,"parent":33,"menu_order":2,"comment_status":"closed","ping_status":"closed","template":"","meta":{"advgb_blocks_editor_width":"","advgb_blocks_columns_visual_guide":"","footnotes":""},"class_list":["post-251","page","type-page","status-publish"],"coauthors":[],"author_meta":{"author_link":"https:\/\/xn--collectifenporte-pqb.com\/index.php\/author\/admin1862\/","display_name":"admin1862"},"relative_dates":{"created":"Publi\u00e9 10 ans il y a","modified":"Mis \u00e0 jour 1 an il y a"},"absolute_dates":{"created":"Publi\u00e9 le 6 septembre 2016","modified":"Mise \u00e0 jour le 7 mars 2025"},"absolute_dates_time":{"created":"Publi\u00e9 le 6 septembre 2016 16 h 56 min","modified":"Mise \u00e0 jour le 7 mars 2025 15 h 12 min"},"featured_img_caption":"","featured_img":false,"series_order":"","jetpack_sharing_enabled":true,"_links":{"self":[{"href":"https:\/\/xn--collectifenporte-pqb.com\/index.php\/wp-json\/wp\/v2\/pages\/251","targetHints":{"allow":["GET"]}}],"collection":[{"href":"https:\/\/xn--collectifenporte-pqb.com\/index.php\/wp-json\/wp\/v2\/pages"}],"about":[{"href":"https:\/\/xn--collectifenporte-pqb.com\/index.php\/wp-json\/wp\/v2\/types\/page"}],"author":[{"embeddable":true,"href":"https:\/\/xn--collectifenporte-pqb.com\/index.php\/wp-json\/wp\/v2\/users\/1"}],"replies":[{"embeddable":true,"href":"https:\/\/xn--collectifenporte-pqb.com\/index.php\/wp-json\/wp\/v2\/comments?post=251"}],"version-history":[{"count":24,"href":"https:\/\/xn--collectifenporte-pqb.com\/index.php\/wp-json\/wp\/v2\/pages\/251\/revisions"}],"predecessor-version":[{"id":1469,"href":"https:\/\/xn--collectifenporte-pqb.com\/index.php\/wp-json\/wp\/v2\/pages\/251\/revisions\/1469"}],"up":[{"embeddable":true,"href":"https:\/\/xn--collectifenporte-pqb.com\/index.php\/wp-json\/wp\/v2\/pages\/33"}],"wp:attachment":[{"href":"https:\/\/xn--collectifenporte-pqb.com\/index.php\/wp-json\/wp\/v2\/media?parent=251"}],"curies":[{"name":"wp","href":"https:\/\/api.w.org\/{rel}","templated":true}]}}