{"id":132,"date":"2016-09-01T13:42:32","date_gmt":"2016-09-01T12:42:32","guid":{"rendered":"http:\/\/xn--collectifenporte-pqb.com\/?page_id=132"},"modified":"2021-05-07T09:09:47","modified_gmt":"2021-05-07T08:09:47","slug":"services-de-gravures","status":"publish","type":"page","link":"https:\/\/xn--collectifenporte-pqb.com\/index.php\/services-de-gravures\/","title":{"rendered":"Services"},"content":{"rendered":"<div class=\"eds-animate edsanimate-sis-hidden \" data-eds-entry-animation=\"slideInUp\" data-eds-entry-delay=\"0\" data-eds-entry-duration=\"1\" data-eds-entry-timing=\"linear\" data-eds-exit-animation=\"\" data-eds-exit-delay=\"\" data-eds-exit-duration=\"\" data-eds-exit-timing=\"\" data-eds-repeat-count=\"1\" data-eds-keep=\"yes\" data-eds-animate-on=\"load\" data-eds-scroll-offset=\"\">\n<p style=\"text-align: left;\"><strong>Vous avez besoin d&rsquo;une copie\/gravure num\u00e9rique de votre partition ?\u00a0<\/strong><\/p>\n<p>Le <em>collectif en port\u00e9e<\/em> se met \u00e0 votre disposition pour :<\/p>\n<ul>\n<li>copier<\/li>\n<li>transcrire en partition<\/li>\n<li>relire et \u00ab\u00a0corriger\u00a0\u00bb<\/li>\n<\/ul>\n<p>Pour vous en faire une id\u00e9e merci de consulter nos exemples !<\/p>\n<p><strong><a class=\"maxbutton-6 maxbutton maxbutton-exemples-de-gravures\" href=\"https:\/\/collectifenport\u00e9e.com\/index.php\/services-de-gravures\/exemples-de-gravures\/\"><span class='mb-text'>Exemples de gravures<\/span><\/a><\/strong><\/p>\n<p style=\"text-align: left;\"><strong>Vous souhaiteriez nous commander un arrangement, une composition ?<\/strong><\/p>\n<p>Le <em>collectif en port\u00e9e<\/em>\u00a0peut r\u00e9pondre \u00e9galement \u00e0 vos attentes.<\/p>\n<p style=\"text-align: left;\"><strong>Pour tous services, pr\u00e9cisez nous dans un mail \u00a0votre projet et recevez gratuitement un devis.\u00a0<\/strong><\/p>\n<p style=\"text-align: left;\"><strong>Contact:<\/strong><\/p>\n<ul>\n<li><a href=\"mailto:bourgeois.contact@collectifenportee.com\">bourgeois.contact@collectifenportee.com<\/a><\/li>\n<li><a href=\"mailto:senia.contact@collectifenportee.com\">senia.contact@collectifenportee.com<\/a><\/li>\n<\/ul>\n<p>&nbsp;<\/p>\n<p style=\"text-align: left;\"><strong>Nos outils de gravure:<\/strong><\/p>\n<p>Nous travaillons depuis maintenant quelques ann\u00e9es sur <a href=\"http:\/\/lilypond.org\/\"><strong>lilypond<\/strong><\/a>. Sa finesse en mati\u00e8re de propret\u00e9 \u00e9ditoriale n&rsquo;est plus \u00e0 pr\u00e9senter, selon des demandes sp\u00e9cifiques nous pouvons \u00e9galement nous adapter en r\u00e9alisant la gravure via Finale ou Sib\u00e9lius.<\/p>\n<\/div>\n<p>&nbsp;<\/p>\n<div style=\"padding-bottom:20px; padding-top:10px;\" class=\"hupso-share-buttons\"><!-- Hupso Share Buttons - https:\/\/www.hupso.com\/share\/ --><a class=\"hupso_toolbar\" href=\"https:\/\/www.hupso.com\/share\/\"><img decoding=\"async\" src=\"https:\/\/static.hupso.com\/share\/buttons\/lang\/fr\/share-medium.png\" style=\"border:0px; padding-top: 5px; float:left;\" alt=\"Share Button\"\/><\/a><script type=\"text\/javascript\">var hupso_services_t=new Array(\"Twitter\",\"Facebook\",\"Pinterest\",\"Linkedin\",\"Tumblr\",\"Email\");var hupso_background_t=\"#EAF4FF\";var hupso_border_t=\"#66CCFF\";var hupso_toolbar_size_t=\"medium\";var hupso_image_folder_url = \"\";var hupso_url_t=\"\";var hupso_title_t=\"Services\";<\/script><script type=\"text\/javascript\" src=\"https:\/\/static.hupso.com\/share\/js\/share_toolbar.js\"><\/script><!-- Hupso Share Buttons --><\/div>","protected":false},"excerpt":{"rendered":"<p>Vous avez besoin d&rsquo;une copie\/gravure num\u00e9rique de votre partition ?\u00a0 Le collectif en port\u00e9e se met \u00e0 votre disposition pour : copier transcrire en partition relire et \u00ab\u00a0corriger\u00a0\u00bb Pour vous en faire une id\u00e9e merci de consulter nos exemples ! Vous souhaiteriez nous commander un arrangement, une composition ? Le collectif en port\u00e9e\u00a0peut r\u00e9pondre \u00e9galement &#8230; <a title=\"Services\" class=\"read-more\" href=\"https:\/\/xn--collectifenporte-pqb.com\/index.php\/services-de-gravures\/\" aria-label=\"En savoir plus sur Services\">Lire la suite<\/a><\/p>\n<div style=\"padding-bottom:20px; padding-top:10px;\" class=\"hupso-share-buttons\"><!-- Hupso Share Buttons - https:\/\/www.hupso.com\/share\/ --><a class=\"hupso_toolbar\" href=\"https:\/\/www.hupso.com\/share\/\"><img src=\"https:\/\/static.hupso.com\/share\/buttons\/lang\/fr\/share-medium.png\" style=\"border:0px; padding-top: 5px; float:left;\" alt=\"Share Button\"\/><\/a><script type=\"text\/javascript\">var hupso_services_t=new Array(\"Twitter\",\"Facebook\",\"Pinterest\",\"Linkedin\",\"Tumblr\",\"Email\");var hupso_background_t=\"#EAF4FF\";var hupso_border_t=\"#66CCFF\";var hupso_toolbar_size_t=\"medium\";var hupso_image_folder_url = \"\";var hupso_url_t=\"\";var hupso_title_t=\"Services\";<\/script><script type=\"text\/javascript\" src=\"https:\/\/static.hupso.com\/share\/js\/share_toolbar.js\"><\/script><!-- Hupso Share Buttons --><\/div>","protected":false},"author":1,"featured_media":0,"parent":0,"menu_order":4,"comment_status":"closed","ping_status":"closed","template":"","meta":{"advgb_blocks_editor_width":"","advgb_blocks_columns_visual_guide":"","footnotes":""},"class_list":["post-132","page","type-page","status-publish"],"coauthors":[],"author_meta":{"author_link":"https:\/\/xn--collectifenporte-pqb.com\/index.php\/author\/admin1862\/","display_name":"admin1862"},"relative_dates":{"created":"Publi\u00e9 10 ans il y a","modified":"Mis \u00e0 jour 5 ans il y a"},"absolute_dates":{"created":"Publi\u00e9 le 1 septembre 2016","modified":"Mise \u00e0 jour le 7 mai 2021"},"absolute_dates_time":{"created":"Publi\u00e9 le 1 septembre 2016 13 h 42 min","modified":"Mise \u00e0 jour le 7 mai 2021 9 h 09 min"},"featured_img_caption":"","featured_img":false,"series_order":"","jetpack_sharing_enabled":true,"_links":{"self":[{"href":"https:\/\/xn--collectifenporte-pqb.com\/index.php\/wp-json\/wp\/v2\/pages\/132","targetHints":{"allow":["GET"]}}],"collection":[{"href":"https:\/\/xn--collectifenporte-pqb.com\/index.php\/wp-json\/wp\/v2\/pages"}],"about":[{"href":"https:\/\/xn--collectifenporte-pqb.com\/index.php\/wp-json\/wp\/v2\/types\/page"}],"author":[{"embeddable":true,"href":"https:\/\/xn--collectifenporte-pqb.com\/index.php\/wp-json\/wp\/v2\/users\/1"}],"replies":[{"embeddable":true,"href":"https:\/\/xn--collectifenporte-pqb.com\/index.php\/wp-json\/wp\/v2\/comments?post=132"}],"version-history":[{"count":17,"href":"https:\/\/xn--collectifenporte-pqb.com\/index.php\/wp-json\/wp\/v2\/pages\/132\/revisions"}],"predecessor-version":[{"id":1115,"href":"https:\/\/xn--collectifenporte-pqb.com\/index.php\/wp-json\/wp\/v2\/pages\/132\/revisions\/1115"}],"wp:attachment":[{"href":"https:\/\/xn--collectifenporte-pqb.com\/index.php\/wp-json\/wp\/v2\/media?parent=132"}],"curies":[{"name":"wp","href":"https:\/\/api.w.org\/{rel}","templated":true}]}}